ond derivative of -u**4/12 - 4*u**3/3 - u**2/2 - 9*u. Let k(s) = -50*s - 808. Let p be k(-16). Calculate q(p).
-1
Let v(j) = j**3 + 9*j**2 + 8*j - 7. Let c = 3321 - 3329. Calculate v(c).
-7
Suppose 11*m = -m - 108. Let s(a) = 5 - 2*a**2 + a + 6*a + 0*a + 5. Let f(u) = -u**2 + 8*u + 10. Let t(k) = 3*f(k) - 2*s(k). Give t(m).
1
Let l = -186 - -219. Let n(p) = 17 - p**2 - l + 11 + 8*p - 2*p. What is n(6)?
-5
Let d(z) = -12 - 14*z + 9*z + 2. Let r be d(-3). Suppose -5*y + 2*s + s = 1, -5*y = -r*s - 5. Let u(q) = q**3 + 2*q**2 + q - 2. Give u(y).
-4
Let b(m) = -2*m**3 + m**2 + 11*m. Let n be b(-3). Suppose n*h + 9*h + 78 = 0. Let j(t) = -t**3 - t**2 + t + 2. Determine j(h).
4
Let n(z) = z**3 - 2*z**2 + 2*z - 1. Let k(d) = 4*d**3 - 29*d**2 - 5*d + 39. Let r(w) = -k(w) + 5*n(w). What is r(-18)?
10
Let a(c) = -6 + 22 + 3 - 15*c - c**3 + 14*c**2. Let i = -1150 + 1163. Calculate a(i).
-7
Suppose -35 = -3*h - 38. Let r(n) be the second derivative of -n**5/60 - n**3 + 20*n. Let d(i) be the second derivative of r(i). Determine d(h).
2
Let q(a) be the first derivative of -a**4/4 + a**3/3 + a**2/2 + a - 1. Let f = -172 + 175. Let k be f/(-18)*-3*-2. What is q(k)?
2
Let d(b) be the third derivative of -b**6/120 - b**5/6 - 5*b**4/6 - 17*b**3/3 + 3247*b**2. Give d(-8).
-2
Let s(g) = -g**3 - 2*g**2 + 2*g - 4. Let k = 27 - 44. Let f(a) = a**2 + 15*a - 23. Let u be f(k). Suppose u = -5*t - 4. Calculate s(t).
-1
Let g(v) = -171*v + 337*v - 181 - 196*v. Let y be g(-6). Let s(c) = -27*c**2. What is s(y)?
-27
Let o be ((-147)/(-98))/(6/8). Let c(u) = -84 + 84 + u**3 + 3*u**o + u. Calculate c(-3).
-3
Let w(n) = -24*n - 33. Let h(g) = -21*g - 31. Let q(a) = -5*h(a) + 4*w(a). Give q(-7).
-40
Let x be 14*(-5)/10 + (-1)/(-1). Let i(z) be the third derivative of -1/8*z**4 - 1/6*z**3 + 0*z + 1/120*z**6 + 1/12*z**5 + 0 - 9*z**2. Calculate i(x).
-19
Let x = -7 + 9. Suppose x*z = -2 - 10. Let k(j) = 4*j - 1 - 30*j**2 + 0 - 8 + 31*j**2 + 2. What is k(z)?
5
Let o be 2/((-2)/19)*(7 + 90/(-15)). Let k(p) = -p**3 - 19*p**2 - p + 18. Calculate k(o).
37
Let f(q) = 2*q + 32. Let y be (2 - 43) + 121 + -106. Give f(y).
-20
Let a(i) = -11*i**2 + 11. Let r(l) = -31*l**2 - l + 32. Let k(q) = 17*a(q) - 6*r(q). Let f be (15*(-4 - -2))/(-1 - -2). Let g = f - -34. Determine k(g).
3
Let f(p) = -p**2. Let t be ((-32)/(-80))/(2/10) - 3. Let j(a) = 14*a**2 - a. Let l(i) = t*j(i) - 6*f(i). What is l(-1)?
-9
Let f be 6/4*(-24)/(-3). Suppose -m - m = -f. Let r(y) = 0*y + 598*y**2 + 3*y - 4 + 3*y - 1195*y**2 + 596*y**2. Give r(m).
-4
Suppose 44 = 7*d + 30. Suppose -d*l - u - 11 = 0, -11 = 5*l - 4*u - 3. Let r(b) = 4*b - 1. Calculate r(l).
-17
Let l(h) = h + 1 - 2*h - 3. Let r(k) = k**3 - 45*k**2 + 124*k + 80. Let w be r(42). Calculate l(w).
2
Let z(a) = a**2 + 4*a - 4. Let h(t) = -t**3 - t**2 + 2*t + 8. Let g be h(-2). Suppose -g = 2*l - 0*l. Calculate z(l).
-4
Let r(g) be the third derivative of -1/8*g**4 - 1/120*g**6 + 0 + 0*g**3 - 1/12*g**5 - 23*g**2 + 0*g. Suppose -3*s = -6*s - 6. What is r(s)?
-6
Suppose 3*p + 5*i = 36, -4*p = -17*i + 12*i + 22. Let f(n) be the third derivative of n**5/15 + n**3/6 + n**2. What is f(p)?
17
Let r(v) = v**3 + 8*v**2 - 24*v - 25. Let w be r(-10). Let s be (w/(-9))/((-10)/12). Let o(d) = 2*d**2 + 3*d - 2. Determine o(s).
12
Suppose 2*b = -4*a, -6*b + 22 = 5*a - 9*b. Let f(q) = 3*q**2 - 4*q**2 - 5 + 4*q - 6*q**a + 2*q + 8*q**2. Calculate f(-6).
-5
Let l = 3738 - 22427/6. Let q(n) be the second derivative of -11*n + 0 - 7/2*n**2 - l*n**3. What is q(-6)?
-1
Let y be 1/((-9)/(-48)) + (-8)/6. Suppose -z + 6 = -2*c - y, -5*z - 16 = c. Let d(o) = o - 1. Let r(l) = l - 2. Let w(h) = c*r(h) + 7*d(h). Determine w(-10).
-5
Let a(i) = -379*i + 32. Let n(k) = -271*k + 21. Let v(f) = -5*a(f) + 7*n(f). Let c(t) = -t**2 - t - 12. Let r be c(0). Calculate v(r).
11
Let o(v) = -v**3 - 5*v**2 - v - 4. Suppose 0 = d + 4*p + 96 + 60, 5*d + p + 780 = 0. Let z be 2/(-10) + d/20. Let x be (z - -10)*3/(6/(-4)). Calculate o(x).
-16
Let v = 3844 + -3836. Let n(w) = w**2 - 19*w + 87. What is n(v)?
-1
Let z(i) be the first derivative of i**5/60 + 3*i**4/8 - i**3/2 - 87*i**2 - 31. Let y(n) be the second derivative of z(n). Give y(-9).
-3
Suppose -2*p = 4*a, 0 = -0*p - 3*p. Let l be (-3)/(-1) + a/(-1). Let d(y) = -y**l - 3 - 4 + y**2 - y + 1. Give d(0).
-6
Let v(t) = -2*t + 10. Let i be 666/555*(1 - -4). Suppose -3*o + 6*o - 84 = 0. Let w be (-28)/i*(-48)/o. Calculate v(w).
-6
Let g be (-4)/(-46) - 13104/(-598). Let a(o) = -o**2 + 21*o + 34. Determine a(g).
12
Let j(d) = 124*d**2 + 79*d**2 - d**3 - 210*d**2 - 9*d - 33. Determine j(-8).
103
Let j(o) be the first derivative of -o**5/20 - o**4/6 + o**3/2 - 60*o + 46. Let b(q) be the first derivative of j(q). Let l be (0 - -1*1)*-3. Give b(l).
0
Let o(a) = 116*a + 1745. Let x be o(-15). Let r(w) = -3 + 3 + w + 1 - 2*w + w**2. Let d(n) = -5*n**2 + 2*n - 5. Let q(c) = -d(c) - 6*r(c). Determine q(x).
-6
Let h(q) = -19*q**3 + q**2 - 2*q + 1. Let x = 3280 - 3279. Give h(x).
-19
Let r(z) = -3*z - 16. Let j(a) = -18*a - 169. Let f be j(-10). Suppose -f*x + 10*x - 3 = 0, 11 = -2*d - x. Calculate r(d).
-4
Let p(m) be the third derivative of m**6/120 - m**5/20 - 5*m**3/6 + 2*m**2 + 253*m. Give p(0).
-5
Let y(t) = -4*t + 2. Let o be y(-2). Let g(m) = -1 + 6*m + 24 - o + 17. Let n be g(-6). Let f(l) = -l - 4. Calculate f(n).
2
Let d(a) = -6*a**2 + 22209*a - 22202*a + 37*a**3 - 13*a**3. Give d(1).
25
Let m(y) = y**2 + 4*y + 7. Suppose 0 = -v - b, b - 4 - 8 = -5*v. Let r(n) = -n**3 - 35*n + v + 4*n**2 + 5*n**2 + 26*n. Let w be r(8). Give m(w).
12
Let u(x) = x**2 - 13*x - 17. Let h(f) = -2*f**2 + 14*f + 24. Let a(j) = -4*h(j) - 5*u(j). Determine a(5).
109
Let o(a) = -a**2 + 33*a - 239. Let x(p) = 799*p - 7168. Let n be x(9). Determine o(n).
-9
Let j(f) = -f**3 + 10*f**2 - 15*f - 3. Let m be j(8). Suppose 0 = 5*k - 3*k + 3*w + 9, -m*w = -3*k - 4. Let n(l) = l**2 - l - 7. Calculate n(k).
5
Let d = 177 - 180. Let k(p) = -2*p**3 + 2*p**2 - 2*p + 9. Let n(y) = 5*y**3 - 3*y**2 + 3*y - 17. Let l(j) = d*n(j) - 7*k(j). Determine l(-6).
-6
Let s(w) = -2*w**2 + w - 1. Let o(z) = -z**3 + 3*z + 38. Let g be o(0). Suppose 12*c - 13*c = -2. Suppose -39*j = -g*j - c. Calculate s(j).
-7
Let l be 1 + (-14)/18 + (-2192)/144 + 15. Let h(y) = -2*y**3 + y**2 + 2*y - 35. Determine h(l).
-35
Let d(o) = 9*o**3 - 9*o**2 - 42*o + 9. Let y(u) = u**3 - 5*u + 1. Let s(m) = d(m) - 8*y(m). Calculate s(8).
-79
Let m(r) = r + 3. Suppose 3*t - 17 = -5. Suppose 2*s = 3*u - 24, u + t*s = -3*u + 52. Suppose 2*d = -4*j - j - u, 2*d + 10 = -4*j. Give m(d).
-2
Let b(h) = 22*h - 25*h**2 + 24*h**2 + 4 - 5*h - 17. What is b(17)?
-13
Let c(v) = 8*v - 8. Let j(f) = -3*f + 1. Let n(w) = c(w) + 3*j(w). Suppose 2*i - 1 + 25 = 0. What is n(i)?
7
Let p = 7901 + -7893. Let t(f) = -f**3 + 10*f**2 - 13*f - 10. Give t(p).
14
Suppose 0 = -37*h + 2 + 263 - 43. Let a(c) be the third derivative of -1/24*c**4 - c + 1/30*c**5 + 23*c**2 - 1/120*c**h + 0 - 1/3*c**3. Calculate a(2).
-4
Let i(c) = 20*c - 13*c + 915*c**2 - 914*c**2 + 8. Give i(-5).
-2
Let q(w) = -1 - w**2 + w - 6*w - 2*w + 4. Suppose 54*k + 132 = 32*k. What is q(k)?
9
Suppose 8 - 9 = -3*j + 5*l, 2*l = j. Let z(i) = 5 + 4 - j*i - 11 + 22*i**2 - 19*i**2 - i**3. Give z(3).
-8
Let m(i) = -30*i + 1056. Let j be m(35). Let f(d) = 0*d - 7 + 2*d + 3 - 4*d. Calculate f(j).
-16
Let s(j) = -3*j + 10. Let o = -437 + 718. Suppose -270*a = -o*a - 88. Calculate s(a).
34
Let b = 12695 + -12693. Let v(p) = 17*p**3 + 2*p**2 - 2*p + 3. Give v(b).
143
Let k(m) = m + 5. Let b(s) = s**2 + 19*s - 42. Let j be b(-21). Suppose -y + 4*v + 7 = j, 9*v = 4*v - 15. Give k(y).
0
Let j(s) be the third derivative of -s**4 + 29*s**3/2 + 8180*s**2. What is j(3)?
15
Let w(i) = -2*i**2 - 5*i + 12. Suppose -4*o + 67 - 87 = 0, -17 = -c + 3*o. Give w(c).
-6
Suppose 0 = -2*i + 5*i + 147. Let z(t) = -3*t - 119. Let h be z(-21). Let x = h - i. Let g(q) = 2*q + 8. What is g(x)?
-6
Suppose 2*b - 256 = -2*b + 3*h, 0 = 3*h. Suppose 24 = -b*n + 70*n. Suppose -6*v + v + 3*q - 33 = 0, 0 = -v - n*q - 25. Let f(d) = -d - 14. Give f(v).
-5
Let r be 3*2/3 - -2. Let p(q) = 3*q**3 + 3*q**2 - 14*q + 9. Let d(j) = -4*j**3 - 5*j**2 + 20*j - 15. Let w(s) = -5*d(s) - 7*p(s). Calculate w(r).
4
Let f = -90 + 31. Let c = 61 